{"id":13,"date":"2024-01-19T14:34:56","date_gmt":"2024-01-19T13:34:56","guid":{"rendered":"https:\/\/pna-aciers.fr\/?page_id=13"},"modified":"2024-01-19T17:05:42","modified_gmt":"2024-01-19T16:05:42","slug":"mentions-legales","status":"publish","type":"page","link":"https:\/\/pna-aciers.fr\/index.php\/mentions-legales\/","title":{"rendered":"Mentions L\u00e9gales"},"content":{"rendered":"<p>[et_pb_section fb_built=&#8221;1&#8243; theme_builder_area=&#8221;post_content&#8221; _builder_version=&#8221;4.18.0&#8243; _module_preset=&#8221;default&#8221;][et_pb_row _builder_version=&#8221;4.18.0&#8243; _module_preset=&#8221;default&#8221; theme_builder_area=&#8221;post_content&#8221;][et_pb_column _builder_version=&#8221;4.18.0&#8243; _module_preset=&#8221;default&#8221; type=&#8221;4_4&#8243; theme_builder_area=&#8221;post_content&#8221;][et_pb_text _builder_version=&#8221;4.18.0&#8243; _module_preset=&#8221;default&#8221; theme_builder_area=&#8221;post_content&#8221; hover_enabled=&#8221;0&#8243; sticky_enabled=&#8221;0&#8243;]<\/p>\n<h1><span><strong>Mentions l\u00e9gales<\/strong><\/span><\/h1>\n<p><span><strong><\/strong><\/span><\/p>\n<p dir=\"auto\">Conform\u00e9ment aux dispositions des Articles 6-III et 19 de la Loi n\u00b02004-575 du 21 juin 2004 pour la Confiance dans l\u2019\u00e9conomie num\u00e9rique, dite L.C.E.N., il est port\u00e9 \u00e0 la connaissance des Utilisateurs du site<span>\u00a0<\/span><strong>PNA<\/strong><span>\u00a0<\/span>les pr\u00e9sentes mentions l\u00e9gales.<\/p>\n<p dir=\"auto\">La connexion et la navigation sur le site<span> <\/span><strong>PNA <\/strong>par l\u2019Utilisateur implique acceptation int\u00e9grale et sans r\u00e9serve des pr\u00e9sentes mentions l\u00e9gales.<\/p>\n<p dir=\"auto\">Ces derni\u00e8res sont accessibles sur le site \u00e0 la rubrique \u00ab Mentions l\u00e9gales \u00bb.<\/p>\n<p dir=\"auto\">\n<h2><span><strong>ARTICLE 1 : L\u2019\u00e9diteur<\/strong><\/span><\/h2>\n<p dir=\"auto\">L\u2019\u00e9dition du site<span><strong> PNA <\/strong><\/span>est assur\u00e9e par la Soci\u00e9t\u00e9<strong><span>\u00a0<\/span>PNA<span>\u00a0<\/span><\/strong>au capital de<span><strong> 200 000,00 <\/strong><\/span>euros, immatricul\u00e9e sous le num\u00e9ro dont le si\u00e8ge social est situ\u00e9 au<strong><span> \u00a0ZA LE CARREFOUR DES BIARDS 50540 ISIGNY-LE-BUAT<\/span><\/strong><\/p>\n<p dir=\"auto\">N\u00b0 de SIRET :<strong><span> 82284654900019<\/span><\/strong><\/p>\n<p dir=\"auto\">Le Directeur de la publication est<span>\u00a0<\/span><strong>Mr CHAPEL Pascal<\/strong><\/p>\n<p dir=\"auto\"><strong><\/strong><\/p>\n<h2><span><strong>ARTICLE 2 : L\u2019h\u00e9bergeur<\/strong><\/span><\/h2>\n<p dir=\"auto\">L\u2019h\u00e9bergeur du site\u00a0<b>PNA<span>\u00a0<\/span><\/b>est la Soci\u00e9t\u00e9 : HOSTINGER, dont le si\u00e8ge social est situ\u00e9 HOSTINGER INTERNATIONAL LTD, 61 Lordou Vironos Street, 6023 Larnaca, Chypre, joignable par le moyen suivant :\u00a0<a href=\"https:\/\/www.hostinger.fr\/contact\" title=\"\u200c\" target=\"_blank\" rel=\"nofollow noopener noreferrer ugc\">Contactez-nous \u2013 Hostinger.fr<\/a><\/p>\n<p dir=\"auto\">\n<h2><span><strong>ARTICLE 3 : Le Webmaster<\/strong><\/span><\/h2>\n<p dir=\"auto\">Le site a \u00e9t\u00e9 cr\u00e9\u00e9 et est g\u00e9r\u00e9 par :<\/p>\n<p dir=\"auto\">One Bureautique<br \/>SASU au capital de 10 000 \u20ac<br \/>Si\u00e8ge social : 133 Cours Caffarelli 14120 Mondeville<\/p>\n<p dir=\"auto\">\n<h2><span><strong>ARTICLE 4 : Acc\u00e8s au site<\/strong><\/span><\/h2>\n<p dir=\"auto\">Le site est accessible par tout endroit, 7j\/7, 24h\/24 sauf cas de force majeure, interruption programm\u00e9e ou non et pouvant d\u00e9coulant d\u2019une n\u00e9cessit\u00e9 de maintenance.<\/p>\n<p dir=\"auto\">En cas de modification, interruption ou suspension des services, le site<span>\u00a0<\/span><strong>PNA<\/strong><span>\u00a0<\/span>ne saurait \u00eatre tenu responsable.<\/p>\n<p dir=\"auto\">\n<h2><span><strong>ARTICLE 5 : Collecte des donn\u00e9es<\/strong><\/span><\/h2>\n<p dir=\"auto\">Le site assure \u00e0 l\u2019Utilisateur une collecte et un traitement d\u2019informations personnelles dans le respect de la vie priv\u00e9e conform\u00e9ment \u00e0 la loi n\u00b078-17 du 6 janvier 1978 relative \u00e0 l\u2019informatique, aux fichiers et aux libert\u00e9s.<\/p>\n<p dir=\"auto\">En vertu de la loi Informatique et Libert\u00e9s, en date du 6 janvier 1978, l\u2019Utilisateur dispose d\u2019un droit d\u2019acc\u00e8s, de rectification, de suppression et d\u2019opposition de ses donn\u00e9es personnelles.<\/p>\n<p dir=\"auto\">\n<h2><span><strong>ARTICLE 6 : Cookies<\/strong><\/span><\/h2>\n<p dir=\"auto\">L\u2019Utilisateur est inform\u00e9 que lors de ses visites sur le site, un cookie peut s\u2019installer automatiquement sur son logiciel de navigation.<\/p>\n<p dir=\"auto\">En naviguant sur le site, il les accepte.<\/p>\n<p dir=\"auto\">Un cookie est un \u00e9l\u00e9ment qui ne permet pas d\u2019identifier l\u2019Utilisateur mais sert \u00e0 enregistrer des informations relatives \u00e0 la navigation de celui-ci sur le site Internet. L\u2019Utilisateur pourra d\u00e9sactiver ce cookie par l\u2019interm\u00e9diaire des param\u00e8tres figurant au sein de son logiciel de navigation.<\/p>\n<p dir=\"auto\">\n<h2><span><strong>ARTICLE 7 : Propri\u00e9t\u00e9 intellectuelle<\/strong><\/span><\/h2>\n<p dir=\"auto\">Toute utilisation, reproduction, diffusion, commercialisation, modification de toute ou partie du site<span><strong> PNA<\/strong>\u00a0<\/span>sans autorisation de l\u2019Editeur est prohib\u00e9e et pourra entra\u00een\u00e9e des actions et poursuites judiciaires telles que notamment pr\u00e9vues par le Code de la propri\u00e9t\u00e9 intellectuelle et le Code civil.<\/p>\n<p>[\/et_pb_text][\/et_pb_column][\/et_pb_row][\/et_pb_section]<\/p>\n","protected":false},"excerpt":{"rendered":"<p>Mentions l\u00e9gales Conform\u00e9ment aux dispositions des Articles 6-III et 19 de la Loi n\u00b02004-575 du 21 juin 2004 pour la Confiance dans l\u2019\u00e9conomie num\u00e9rique, dite L.C.E.N., il est port\u00e9 \u00e0 la connaissance des Utilisateurs du site\u00a0PNA\u00a0les pr\u00e9sentes mentions l\u00e9gales. La connexion et la navigation sur le site PNA par l\u2019Utilisateur implique acceptation int\u00e9grale et sans [&hellip;]<\/p>\n","protected":false},"author":1,"featured_media":0,"parent":0,"menu_order":0,"comment_status":"closed","ping_status":"closed","template":"","meta":{"_et_pb_use_builder":"on","_et_pb_old_content":"","_et_gb_content_width":"","footnotes":""},"class_list":["post-13","page","type-page","status-publish","hentry"],"_links":{"self":[{"href":"https:\/\/pna-aciers.fr\/index.php\/wp-json\/wp\/v2\/pages\/13","targetHints":{"allow":["GET"]}}],"collection":[{"href":"https:\/\/pna-aciers.fr\/index.php\/wp-json\/wp\/v2\/pages"}],"about":[{"href":"https:\/\/pna-aciers.fr\/index.php\/wp-json\/wp\/v2\/types\/page"}],"author":[{"embeddable":true,"href":"https:\/\/pna-aciers.fr\/index.php\/wp-json\/wp\/v2\/users\/1"}],"replies":[{"embeddable":true,"href":"https:\/\/pna-aciers.fr\/index.php\/wp-json\/wp\/v2\/comments?post=13"}],"version-history":[{"count":3,"href":"https:\/\/pna-aciers.fr\/index.php\/wp-json\/wp\/v2\/pages\/13\/revisions"}],"predecessor-version":[{"id":102,"href":"https:\/\/pna-aciers.fr\/index.php\/wp-json\/wp\/v2\/pages\/13\/revisions\/102"}],"wp:attachment":[{"href":"https:\/\/pna-aciers.fr\/index.php\/wp-json\/wp\/v2\/media?parent=13"}],"curies":[{"name":"wp","href":"https:\/\/api.w.org\/{rel}","templated":true}]}}